culate y(-11).
14
Let q(p) = -2*p**3 - 92*p**2 - 148*p + 1205. Determine q(-44).
-27
Let m(t) = 63*t**2 + 382*t + 1893. Determine m(-5).
1558
Let q(a) = -3*a**2 + 146*a + 677. Calculate q(53).
-12
Let k(z) = 460*z - 40492. Give k(88).
-12
Let p(y) = 15*y**2 - 847*y - 5629. What is p(-6)?
-7
Let i(s) = 47570*s - 3044425. Determine i(64).
55
Let k(t) = -6258*t + 49930. Calculate k(8).
-134
Let j(o) = -5*o**2 - 218*o - 216. Give j(-44).
-304
Let g(o) = 12*o**2 - 162*o - 1639. What is g(19)?
-385
Let r(i) = 2*i**2 + 141*i + 2224. What is r(-37)?
-255
Let t(q) = -287400*q - 4310999. Determine t(-15).
1
Let n(g) = 282*g - 4254. What is n(23)?
2232
Let k(s) = s**3 + 24*s**2 - 11*s + 423. Give k(-24).
687
Let p(x) = -83*x**2 - 5234*x - 498. Determine p(-63).
-183
Let p(r) = -8*r**3 + 2917*r**2 + 1124*r - 10339. Determine p(365).
246
Let a(i) = 4591*i - 151558. Determine a(33).
-55
Let i(g) = 9*g**3 - 303*g**2 + 278*g - 2645. What is i(33)?
-5
Let x(c) = c**2 - 13238*c - 1414469. Give x(-106).
-5
Let p(b) = -b**3 - 19*b**2 + 82672*b + 31472. Determine p(-297).
-10
Let s(a) = -a**3 - 404*a**2 + 2455*a - 2049. Determine s(-410).
1
Let m(t) = -73*t**2 - 7074*t + 736. Give m(-97).
57
Let z(w) = w**2 + 758*w - 17966. Give z(-781).
-3
Let n(y) = -9*y**2 + 32461*y - 677716. Calculate n(21).
-4
Let j(b) = b**3 - 87*b**2 - 1523*b - 113. Give j(-15).
-218
Let h(j) = -142*j - 17057. Calculate h(-117).
-443
Let b(a) = 23664*a + 591595. Determine b(-25).
-5
Let i(r) = -36*r**2 - 147*r + 2731. What is i(-11)?
-8
Let z(w) = 2*w**2 + 2051*w + 361298. What is z(-800)?
498
Let h(f) = 34428*f - 275426. Give h(8).
-2
Let h(r) = r**3 - 33*r**2 + 79*r - 1455. Determine h(31).
-928
Let k(a) = 48*a**3 - 615*a**2 - 116*a - 20. What is k(13)?
-7
Let s(i) = -3655*i - 51115. What is s(-14)?
55
Let p(b) = 3670*b + 11355. Determine p(-3).
345
Let y(v) = 3*v**3 + 5*v**2 + 1572*v + 11072. Give y(-7).
-716
Let o(f) = -13*f**3 + 2456*f**2 + 171*f + 3373. Give o(189).
-29
Let n(f) = -51*f**2 - 56*f - 124. What is n(-2)?
-216
Let f(a) = 262*a + 7088. Calculate f(-28).
-248
Let a(w) = -10*w**3 + 4*w**2 - 516*w + 2558. Calculate a(5).
-1172
Let r(s) = -s**3 + 147*s - 660. Determine r(10).
-190
Let m(p) = 2*p**3 + 409*p**2 - 2741*p + 448. What is m(-211)?
26
Let g(j) = j**3 + 82*j**2 + 98*j - 4969. What is g(-80)?
-9
Let b(m) = m**3 - 122*m**2 - 862*m + 60869. Give b(125).
-6
Let n(o) = -2*o**2 - 328*o - 7342. Determine n(-26).
-166
Let b(f) = 2*f**3 + 896*f**2 - 234208*f - 356. Determine b(185).
14
Let m(i) = 816*i + 19345. Calculate m(-27).
-2687
Let l(n) = -2*n**3 + 98*n**2 - 720*n + 39. Give l(40).
39
Let q(l) = l**2 - 165677*l + 1987998. What is q(12)?
18
Let m(n) = -43*n**3 - 204*n**2 - 226*n - 4. Calculate m(-3).
-1
Let l(j) = 2329*j + 109503. Give l(-47).
40
Let s(r) = 396*r**2 + 14240*r - 584. What is s(-36)?
-8
Let j(f) = -f**3 + 52*f**2 + 619*f + 29. Determine j(-10).
39
Let j(d) = 59*d**2 - 154*d + 124. Determine j(2).
52
Let a(x) = 3222*x + 148224. Calculate a(-46).
12
Let c(t) = -1475*t + 147116. Give c(100).
-384
Let a(r) = 2935*r + 18207. Give a(-6).
597
Let a(r) = -r**2 - 2036*r + 45290. Give a(22).
14
Let x(o) = -5*o**2 + 503*o + 190. Calculate x(101).
-12
Let o(x) = -4706*x - 47153. Calculate o(-10).
-93
Let q(a) = -63200*a - 1959192. What is q(-31)?
8
Let i(h) = -293*h + 6990. Give i(24).
-42
Let b(u) = -27*u**2 - 1151*u - 113. What is b(-42)?
601
Let d(m) = 24094*m + 8384721. What is d(-348)?
9
Let p(h) = h**2 + 3019*h + 749656. Determine p(-273).
-2
Let x(l) = 1098*l + 39586. Determine x(-36).
58
Let v(k) = -3*k**3 - 21*k**2 + 223*k + 25. Determine v(-13).
168
Let c(y) = -435*y + 36571. Calculate c(84).
31
Let n(u) = -221*u + 5872. Calculate n(13).
2999
Let q(s) = 5*s**3 - 2592*s**2 + 1026*s + 5177. Give q(518).
-3
Let h(t) = 7*t**3 - 17*t**2 - 68*t - 2. Give h(5).
108
Let j(h) = -248330*h - 3476626. Give j(-14).
-6
Let h(o) = 4*o**2 - 178*o + 1240. Give h(36).
16
Let i(m) = 5*m**3 - 22*m**2 + 13*m + 226. What is i(10)?
3156
Let d(x) = -x**3 - 14*x**2 + 1259*x + 2567. What is d(-2)?
1
Let h(r) = -49166*r - 344154. Calculate h(-7).
8
Let x(r) = 24702*r + 988053. Give x(-40).
-27
Let f(t) = -3*t**2 - 69*t - 83. Determine f(-20).
97
Let p(m) = m**2 + 20990*m - 609297. What is p(29)?
254
Let o(k) = 444*k - 2744. Determine o(6).
-80
Let g(h) = -23*h**2 + 119*h + 54. Determine g(10).
-1056
Let b(x) = -3*x**3 - 145*x**2 + 9359*x + 766. Calculate b(-85).
1
Let z(b) = -4106*b - 7948. Give z(-2).
264
Let s(k) = 33*k**2 + 50*k - 1. Give s(2).
231
Let v(j) = j**3 - 98*j**2 - 2454*j + 11095. Calculate v(118).
3
Let s(c) = 2*c**3 - 116*c**2 + 109*c + 312. Determine s(57).
27
Let h(q) = -4*q**2 + 12724*q - 50883. Calculate h(4).
-51
Let m(l) = 3631*l - 21925. What is m(6)?
-139
Let o(a) = -327*a + 6072. Determine o(24).
-1776
Let w(i) = -47*i**2 - 6215*i - 7639. Determine w(-131).
-41
Let u(r) = r**3 - 108*r**2 - 207*r - 2012. Give u(110).
-582
Let i(u) = 4*u**3 + 826*u**2 - 431*u - 3541. Give i(-207).
-22
Let l(b) = -b**3 + 176*b**2 + 45*b - 7795. Determine l(176).
125
Let z(u) = 4*u**3 + 13*u**2 + 9*u + 7. Give z(8).
2959
Let y(b) = 316984*b + 2218889. What is y(-7)?
1
Let f(n) = -70229*n + 45929771. Determine f(654).
5
Let x(d) = -7779*d + 863398. Determine x(111).
-71
Let n(w) = -1294*w + 297580. Calculate n(230).
-40
Let h(r) = r**3 - 276*r**2 - 776*r + 214178. Give h(276).
2
Let o(l) = -2*l**2 + 73*l - 1040. Give o(17).
-377
Let g(f) = 2*f**3 + 912*f**2 + 1826*f + 3. Determine g(-2).
-17
Let b(p) = 42*p**2 + 2541*p + 5074. Calculate b(-2).
160
Let s(d) = -8*d**3 - 6*d**2 + 1792*d - 3. What is s(0)?
-3
Let v(y) = -y**3 + 208*y**2 + 990*y - 205937. Calculate v(208).
-17
Let q(x) = x**2 + 151*x + 1241. Determine q(-11).
-299
Let n(t) = t**3 - 175*t**2 - 277*t + 48448. Give n(175).
-27
Let a(y) = -6*y**2 - 285*y - 2407. Determine a(0).
-2407
Let t(m) = 32790*m - 360771. Give t(11).
-81
Let d(m) = -m**3 + 2966*m**2 - 2*m + 346. Calculate d(0).
346
Let z(x) = x**2 + 735*x + 21194. Give z(-30).
44
Let i(u) = u**3 + 82*u**2 + 1358*u + 153. Calculate i(-59).
94
Let r(s) = 278299*s - 556594. Calculate r(2).
4
Let v(q) = 4023*q + 2985076. Determine v(-742).
10
Let p(y) = -680592*y + 13611837. Give p(20).
-3
Let d(b) = b**3 + 1447*b**2 - 14563*b - 51. Give d(10).
19
Let p(r) = -3275*r + 60209. What is p(18)?
1259
Let u(x) = 4*x**2 - 392*x - 199. Give u(98).
-199
Let a(b) = -1809*b + 19766. Give a(11).
-133
Let b(i) = 95*i + 1259. Give b(-27).
-1306
Let k(w) = -w**2 - 18*w + 1124. Determine k(-32).
676
Let t(m) = 19*m**2 - 150*m + 1153. What is t(22)?
7049
Let z(c) = -270*c - 9642. What is z(-37)?
348
Let u(r) = 44*r**3 + 16*r**2 + 17*r - 19. Determine u(-4).
-2647
Let j(x) = -3*x**3 + 8*x**2 - 12*x - 15. What is j(-3)?
174
Let s(t) = -5*t**2 - 129*t - 1225. Determine s(-12).
-397
Let k(o) = -o**2 + 1603*o + 3205. Calculate k(-2).
-5
Let u(g) = -g**3 - 566*g**2 - 13044*g - 19522. Determine u(-542).
-10
Let n(d) = 3*d**3 - 29*d**2 - 38*d - 23. What is n(11)?
43
Let w(c) = c**2 - 158*c - 8249. Calculate w(-43).
394
Let y(b) = b**3 + 12*b**2 + 21*b - 232. Give y(-12).
-484
Let t(c) = 81*c**2 + 6805*c + 17. What is t(-84)?
-67
Let d(y) = -6897*y + 1165749. Determine d(169).
156
Let j(h) = -62*h**2 - 2257*h + 8893. Calculate j(-40).
-27
Let w(n) = -n**3 - 61*n**2 - 334*n + 506. Give w(-8).
-214
Let t(w) = 46650*w + 93296. What is t(-2)?
-4
Let x(t) = 12716*t + 2759378. What is x(-217)?
6
Let u(b) = 90871*b - 272646. Determine u(3).
-33
Let o(r) = 14577*r + 189487. Give o(-13).
-14
Let x(v) = -60*v**3 - v**2 + 2*v - 5. Calculate x(2).
-485
Let g(l) = 43*l**3 + 109*l**2 - 368*l - 11. Give g(2).
33
Let m(x) = 205*x**2 - 744*x + 442. Give m(3).
55
Let z(m) = 21*m**2 - 428*m - 2646. What is z(-6)?
678
Let o(b) = -49*b - 524. What is o(-10)?
-34
Let c(d) = d**3 - 11*d**2 - 933*d + 10264. Calculate c(11).
1
Let t(i) = -75449*i + 1282614. Calculate t(17).
-19
Let h(w) = 216*w + 25920. Calculate h(-120).
0
Let f(r) = r**3 + 16*r**2 - 160*r - 2402. What is f(-20)?
-802
Let d(s) = 2*s**3 + 205*s**2 - 109*s - 116. Give d(-103).
502
Let w(i) = 5*i**2 - 88*i + 275. What is w(-13)?
2264
Let v(i) = 2656*i + 332033. Determine v(-125).
33
Let v(y) = 4*y**2 + 99175*y + 99176. Determine v(-1).
5
Let b(l) = 8*l